).
-5
Let i(c) be the second derivative of -c**6/20 + 7*c**3/2 + 17*c. Let x(y) be the second derivative of i(y). Give x(-1).
-18
Suppose 3*b - 4*m = b + 6, b = -4*m + 15. Let l = -2 + b. Suppose 8 + 12 = l*r. Let z(w) = w**3 - 3*w**2 - 5*w + 5. Calculate z(r).
1
Let r(s) = 2*s - 5*s + 2*s - 15. Let z(o) = 5*o**2 + 23*o + 5. Let f be z(-4). What is r(f)?
-8
Let h(b) be the first derivative of b**2/2 + 6*b + 35. What is h(-5)?
1
Let w(c) be the first derivative of 15 + 10*c + 1/2*c**2. Calculate w(0).
10
Let k be (-2)/(-7) + 2/(-7). Suppose -4*j = -4*d + 72, 0*j + 72 = 4*d + j. Let z(s) = -s**2 + d*s + 0*s**2 - 17*s. What is z(k)?
0
Let m(p) be the second derivative of -p**5/20 - p**4/3 + p**3/2 - 5*p**2/2 - 2*p. Let j = -67 - -62. Give m(j).
5
Suppose 0 = -2*m + 4*w - 1 - 3, -3*m - 14 = 2*w. Let q(v) = -3*v**2 + 18*v - 8. Let i(f) = 13*f**2 - 76*f + 33. Let o(u) = -4*i(u) - 17*q(u). Calculate o(m).
-4
Let z(n) = -n - 4. Let t(j) = j**3 - 4*j**2 - 14*j + 36. Let f be t(5). Give z(f).
5
Let x(u) = -10*u - 1. Suppose -2 = -h - 0. Suppose -4*m + m - 54 = h*o, 2*m = 0. Let g = o + 28. Determine x(g).
-11
Let t(d) = d - 5. Let v be t(10). Let k = 3 - v. Let p(o) = 3*o**2 + o - 1. Determine p(k).
9
Let b(a) = a**2 - a - 5. Let y be (-57)/95 - (-1 - (-16)/(-10)). Suppose 0 = y*r + 21 - 29. What is b(r)?
7
Let p(q) = -q**2 + 10*q + 2. Suppose 5*a - 3*a + 4*l = 26, 4*l = 5*a - 37. What is p(a)?
11
Let w = 0 + -4. Suppose 0 = -5*p - 0*p - 25. Let t(o) = 5*o**3 + o**2 + o. Let z(l) = -6*l**3 + 1. Let y(m) = p*t(m) - 4*z(m). Give y(w).
0
Let v(i) = i**3 + 19*i**2 - 3*i - 72. Let g be v(-19). Let j(a) = -4*a - 60. Determine j(g).
0
Let b(d) = d**2 - 5*d - 2*d + 0 + 3. Suppose 13 = -6*s + 31. Suppose s*r - 3 = -3*f + 3, 5*r - f - 28 = 0. Determine b(r).
-7
Let b(f) = -f + 4. Let a(t) = 21*t + 21. Let q(k) = a(k) - 5*b(k). Determine q(1).
27
Suppose -2*v - x + 2 = 2*x, -4 = -2*v - 2*x. Let p(a) = -11 + a - 17*a**2 - v*a**2 + 10 - 2*a. Determine p(-1).
-21
Let x = 46 - 57. Let n(l) = -l**3 - 10*l**2 + 9*l - 16. Give n(x).
6
Suppose 5 = -3*m - 5*q, -3*m - 55 = -0*q - 5*q. Let w = m + 19. Suppose i - 4*i = -w. Let h(d) = d**3 - 5*d**2 + d + 2. Give h(i).
-13
Let t(d) = 5*d - 4. Let x be 30/(-9)*(-18)/15. Determine t(x).
16
Let u(w) = 2*w**2 + w + 1. Let j(l) = 22*l - 180. Let r be j(8). Determine u(r).
29
Let u(v) be the second derivative of -v**3/3 + 3*v**2/2 - 2*v - 91. What is u(3)?
-3
Let c = -4 + 8. Let y(p) = -3*p**2 + p**2 + c*p**2 + 1 - 4*p. Suppose 0*t + 4*t - 11 = -v, 2*t - 10 = 4*v. Calculate y(t).
7
Let b(m) = 1. Let c(x) = -2*x - 8. Let t(u) = 8*b(u) + c(u). Calculate t(3).
-6
Let p(j) = -j**3 + 5*j**2 - j - 6. Let k be 35*(-1)/2*-2. Suppose 0 = 4*i + 3*r - k, -r + 30 = -0*i + 5*i. Calculate p(i).
-11
Let g(h) = 22 - h - 5 - 4. Let a be g(7). Let v = a - 1. Let c(r) = r**3 - 4*r**2 - 7*r + 4. Give c(v).
-6
Let u = 1028 + -24665/24. Let c(s) be the third derivative of -3*s**2 + 0 - 1/120*s**6 + 0*s + 1/12*s**5 + 2/3*s**3 - u*s**4. What is c(4)?
-8
Let p(h) = -2*h**3 - 14*h**2 - 9*h + 15. Suppose 2*i - 14*m + 11*m = -21, 6 = 2*m. What is p(i)?
-3
Let s = 29 + -27. Suppose 3*v - 8 + 25 = g, -3*v = s*g + 11. Let n(i) = -i**2 + 5*i - 4*i - 5 + 2*i**g + 4*i. What is n(-6)?
1
Let q(h) = h**3 - h + 4. Let x(o) = -8*o + 2. Let a be x(1). Let j(d) = -d**2 - 5*d + 6. Let p be j(a). Calculate q(p).
4
Let d(s) be the first derivative of s - 5 - 7/2*s**2. What is d(1)?
-6
Let c(d) = d. Let n(k) = -2*k - 1. Let y(i) = 3*c(i) + 2*n(i). Let z(b) = 5 - 10 - 2*b**2 + 11 + 7*b + 7. Let m be z(5). Give y(m).
0
Let p be 6/4 - (-90)/20. Let o(g) = g**3 - 6*g**2 - 6. Let d(h) = -4*h**3 + 24*h**2 + 25. Suppose 3 = -z + 5. Let t(v) = z*d(v) + 9*o(v). Determine t(p).
-4
Let j(a) = -2*a**3 + 27*a**2 - 6*a - 9. Let c(r) = r**3 - 13*r**2 + 3*r + 4. Let m(w) = 13*c(w) + 6*j(w). Determine m(7).
19
Let z(q) = q + 6. Let d(a) = -a - 5. Let h be 32/(-12)*(-9)/(-6). Let t(k) = h*d(k) - 5*z(k). What is t(-5)?
-5
Let v(o) = -12*o - 338. Let u be v(-29). Let a(b) = 3*b - 5. Determine a(u).
25
Let q(s) = -177*s**2 + 401*s**2 - 219*s**2. Give q(-2).
20
Let t(y) = -3*y + 10 - 4*y + 11*y - 13. Determine t(2).
5
Let n(l) = l**3 - 3*l**2 + 12*l - 1. Let j(q) = q**2 + q + 1. Let y(o) = 4*j(o) - n(o). Let w be y(6). Let h(s) = s**2 + 5*s - 7. Give h(w).
7
Let g(n) = 22*n**3 - 4*n**2 - 3*n + 7. Let p(q) = 19*q**3 - 5*q**2 - q + 6. Let s(r) = 6*g(r) - 7*p(r). Determine s(10).
-10
Let i(q) be the third derivative of -q**5/40 + q**4/8 - 13*q**3/6 - 12*q**2. Let o(w) be the first derivative of i(w). What is o(3)?
-6
Let a(j) = 2*j. Let d be 2/(-3) - (-68)/(-6). Let p(t) = t**3 - 5*t**2 - 2*t. Let h be p(5). Let o = h - d. Give a(o).
4
Let r = 16 - 15. Let x = 3 + r. Let o(v) = -4 + 3 + v - x + 2. What is o(-3)?
-6
Let l(d) = 1855*d - 66 - 1857*d + 61. Give l(0).
-5
Suppose -104*v = -108*v + 28. Let d(r) = -r**3 + 6*r**2 + 6*r - 3. Calculate d(v).
-10
Let n(o) = -o**3 + 3*o**2 + 4*o - 10. Suppose 17*z + 51 - 102 = 0. What is n(z)?
2
Let y(x) = 3*x**2 + 5*x + 7 - 5*x. Let s(a) = a**2 + 3. Let g(i) = -10*s(i) + 4*y(i). Suppose -u + z = 1, z - 2 = -4*u + 3*z. Calculate g(u).
6
Let r(p) = p**2 + 8*p + 5. Suppose 5*f + 39 = -x, 4*x + 5 = -11. Give r(f).
-2
Suppose -13*w + 8*w + 30 = 0. Suppose -w*n - 36 = 3*n. Let z(x) = -x**3 - 3*x**2 + 2*x - 5. Calculate z(n).
3
Let v(t) = -t + 12. Let l(o) = -o + 2. Let n be l(-8). Give v(n).
2
Suppose 5*l = -27 + 17. Let j(u) = -3*u**2 - 4*u - 2. Calculate j(l).
-6
Let f(j) be the first derivative of -3*j**2/2 - 6*j - 11. Determine f(-6).
12
Let m(s) = -7*s**2 + 9*s - 2. Let w(f) = -3*f**2 + 4*f - 1. Suppose v = -2*t + 4*v + 20, 4*t = -4*v. Let o(n) = t*m(n) - 9*w(n). Determine o(-1).
0
Let m(r) be the first derivative of -7 + 1/2*r**2 + 2*r. Suppose 0*o + 8 = -2*o. Calculate m(o).
-2
Let u be 4 + 2 - (-2)/(-1). Let y be (-5)/((-10)/u) + -2. Let a(l) = l**3 - l**2 - l - 7. What is a(y)?
-7
Suppose 4*q - 76 = -48. Let a(w) be the second derivative of w**3/6 - 5*w**2/2 + 5*w. Calculate a(q).
2
Let k = -7 - -1. Let p = k - -8. Suppose -h - q - p = 0, 9*q = -3*h + 4*q - 14. Let f(m) = -3*m**2 - 2*m + 2. Calculate f(h).
-14
Suppose 3*i - 5*x = 13, 3*i - 2*x - 14 = 2. Let a(s) = 2*s**3 - 5*s**2 + 3*s. Let l be a(2). Let z(g) = 232 + 2*g**l - 238 - g**2 - 5*g. Calculate z(i).
0
Let s(z) = 10*z + 9. Let w(b) = -b - 2. Let v(a) = -s(a) - 3*w(a). Calculate v(-2).
11
Let b(s) = 3 + s - s**3 + 6*s + 5*s**2 - 4. Let o(i) = -i - 2. Let z be (-60)/8 - (-1)/(-2). Let g be o(z). Calculate b(g).
5
Let v(t) = 6*t + 8. Let y(h) = -16*h - 22. Let i(q) = -11*v(q) - 4*y(q). Let a = -59 + 61. Give i(a).
-4
Suppose a + a - o - 19 = 0, a = -4*o - 4. Let k(q) = a*q - 7*q + 1 + 0*q - q**2. Determine k(5).
-19
Let w(g) be the third derivative of g**6/720 - g**4/12 + g**2. Let s(m) be the second derivative of w(m). Let x(o) = -16*o - 18. Let n be x(-1). What is s(n)?
-2
Let d be (18/(-7))/(1/(-7)). Suppose 0 = 2*v + d - 6. Let y(u) = 2*u**2 - 8*u - 11 + 4 - 3*u**2. Calculate y(v).
5
Let d(n) = 12 + 42*n - 84*n + 38*n. Determine d(5).
-8
Let c be -6*(-7)/(-21)*-3. Let n(k) = 5*k - 8. Give n(c).
22
Let o(f) be the first derivative of f**4/4 + 5*f**3/3 + 2*f**2 + 4*f + 65. Determine o(-4).
4
Let i = -351 - -353. Let v(m) be the third derivative of -1/60*m**5 + 0*m + 0 + 1/3*m**4 - i*m**2 - m**3. Determine v(6).
6
Let c(j) = j**3 + j**2 + 1. Let h(f) = -f**2 + 30*f - 59. Let k be h(28). Determine c(k).
-17
Let h(u) be the second derivative of -u**4/12 - 7*u**3/6 - 3*u**2/2 + 6*u. Suppose 4*p - 3*m - 58 = 0, 0*m + 30 = 2*p - 2*m. Let i = 9 - p. What is h(i)?
9
Let k(p) = 2*p**3 - p + 3. Suppose -n = -m + 4, 3*m + 5*n = -0*n + 20. Let l(s) = -s**3 + s - 2. Let c(b) = m*l(b) + 3*k(b). Determine c(2).
11
Let x(u) = 7*u + 1. Suppose -8*j - 15 = -3*j. Let v = j + 4. Determine x(v).
8
Let p(k) = k**2 - k**3 + 1 - 1 + 1. Let b(r) = r**3 - 5*r**2 + 3*r - 7. Let s = 81 - 82. Let v(w) = s*b(w) - 2*p(w). Determine v(-4).
1
Let n(u) = 8 - 3*u + 8*u - 10. Suppose 5*w - 80 = -20. Suppose 0*a = 4*a - w. Calculate n(a).
13
Let z be 13/39 - 38/6. Let c be ((-2)/z)/(20/(-24) - -1). Let a(g) = g - 3*g**2 - 4*g + 2 + 2*g. Calculate a(c).
-12
Let f(i) = -111*i + 3*i**2 + 6*i**2 + 110*i. Let z be 4 - (-2)/(2/(-3)). What